{"id":113,"date":"2020-12-22T12:32:15","date_gmt":"2020-12-22T12:32:15","guid":{"rendered":"http:\/\/elena-schmidt.de\/?page_id=113"},"modified":"2024-02-20T21:11:06","modified_gmt":"2024-02-20T21:11:06","slug":"von-guten-maechten","status":"publish","type":"page","link":"https:\/\/elena-schmidt.de\/?page_id=113","title":{"rendered":"Mit Dir"},"content":{"rendered":"\n<p>Projekt mit Kindern, von Elena Schmidt und Steffen M\u00fcller-Klenk<\/p>\n\n\n\n<p>2020\/2021<\/p>\n\n\n\n<p>Es stellte sich uns die Frage nach dem Schutzbed\u00fcrfnis des Menschen. Alle Menschen brauchen Schutz. Doch wie kann dieser Schutz aussehen? Wer &#8211; oder was sch\u00fctzt uns? Vor allem in diesen Zeiten, k\u00f6nnte man sich fragen, sind es Schutzkleider, Mundschutz &#8211; oder gar Engel? Viele sprechen von Schutzengeln und glauben daran. Vieles wird damit umschrieben. &#8230;<\/p>\n\n\n\n<figure class=\"wp-block-image size-large\"><img loading=\"lazy\" decoding=\"async\" width=\"600\" height=\"600\" src=\"https:\/\/elena-schmidt.de\/wp-content\/uploads\/2021\/01\/mit_dir_quadrat.jpg\" alt=\"\" class=\"wp-image-262\" srcset=\"https:\/\/elena-schmidt.de\/wp-content\/uploads\/2021\/01\/mit_dir_quadrat.jpg 600w, https:\/\/elena-schmidt.de\/wp-content\/uploads\/2021\/01\/mit_dir_quadrat-300x300.jpg 300w, https:\/\/elena-schmidt.de\/wp-content\/uploads\/2021\/01\/mit_dir_quadrat-150x150.jpg 150w, https:\/\/elena-schmidt.de\/wp-content\/uploads\/2021\/01\/mit_dir_quadrat-100x100.jpg 100w\" sizes=\"auto, (max-width: 600px) 100vw, 600px\" \/><\/figure>\n\n\n\n<p>Die detaillierte Projektbeschreiben gibt es hier:<\/p>\n\n\n\n<div class=\"wp-block-file\"><a id=\"wp-block-file--media-401c6f80-e1e2-4a00-8717-b4a886ca449d\" href=\"https:\/\/elena-schmidt.de\/wp-content\/uploads\/2021\/01\/Mit-Dir-Projektbeschreibung_2021.pdf\" target=\"_blank\" rel=\"noreferrer noopener\">Mit Dir &#8211; Projektbeschreibung_2021<\/a><\/div>\n\n\n\n<p><\/p>\n","protected":false},"excerpt":{"rendered":"<p>Projekt mit Kindern, von Elena Schmidt und Steffen M\u00fcller-Klenk 2020\/2021 Es stellte sich uns die Frage nach dem Schutzbed\u00fcrfnis des Menschen. Alle Menschen brauchen Schutz. Doch wie kann dieser Schutz aussehen? Wer &#8211; oder was sch\u00fctzt uns? Vor allem in diesen Zeiten, k\u00f6nnte man sich fragen, sind es Schutzkleider, Mundschutz &#8211; oder gar Engel? Viele &hellip; <\/p>\n<p class=\"link-more\"><a href=\"https:\/\/elena-schmidt.de\/?page_id=113\" class=\"more-link\"><span class=\"screen-reader-text\">\u201eMit Dir\u201c <\/span>weiterlesen<\/a><\/p>\n","protected":false},"author":1,"featured_media":0,"parent":60,"menu_order":0,"comment_status":"closed","ping_status":"closed","template":"","meta":{"footnotes":""},"class_list":["post-113","page","type-page","status-publish","hentry"],"jetpack_sharing_enabled":true,"_links":{"self":[{"href":"https:\/\/elena-schmidt.de\/index.php?rest_route=\/wp\/v2\/pages\/113","targetHints":{"allow":["GET"]}}],"collection":[{"href":"https:\/\/elena-schmidt.de\/index.php?rest_route=\/wp\/v2\/pages"}],"about":[{"href":"https:\/\/elena-schmidt.de\/index.php?rest_route=\/wp\/v2\/types\/page"}],"author":[{"embeddable":true,"href":"https:\/\/elena-schmidt.de\/index.php?rest_route=\/wp\/v2\/users\/1"}],"replies":[{"embeddable":true,"href":"https:\/\/elena-schmidt.de\/index.php?rest_route=%2Fwp%2Fv2%2Fcomments&post=113"}],"version-history":[{"count":11,"href":"https:\/\/elena-schmidt.de\/index.php?rest_route=\/wp\/v2\/pages\/113\/revisions"}],"predecessor-version":[{"id":2170,"href":"https:\/\/elena-schmidt.de\/index.php?rest_route=\/wp\/v2\/pages\/113\/revisions\/2170"}],"up":[{"embeddable":true,"href":"https:\/\/elena-schmidt.de\/index.php?rest_route=\/wp\/v2\/pages\/60"}],"wp:attachment":[{"href":"https:\/\/elena-schmidt.de\/index.php?rest_route=%2Fwp%2Fv2%2Fmedia&parent=113"}],"curies":[{"name":"wp","href":"https:\/\/api.w.org\/{rel}","templated":true}]}}