{"id":168,"date":"2021-01-12T19:38:47","date_gmt":"2021-01-12T19:38:47","guid":{"rendered":"https:\/\/elena-schmidt.de\/?page_id=168"},"modified":"2025-09-28T10:32:28","modified_gmt":"2025-09-28T10:32:28","slug":"news","status":"publish","type":"page","link":"https:\/\/elena-schmidt.de\/?page_id=168","title":{"rendered":"Neues"},"content":{"rendered":"\n<p class=\"has-medium-font-size\"><strong>Demenz &#8211; &#8222;\u00dcber das Verschwinden&#8220;<\/strong><\/p>\n\n\n\n<p>26.10.2025 bis 29.11.2025<br>KUNSTPOOL, Galerie am Ehinger Tor, 89077 Ulm<\/p>\n\n\n\n<p>\u00d6ffnungszeiten <br>Do-Fr, jeweils 17-20 Uhr, Sa 15-18 Uhr<\/p>\n\n\n\n<p>Vernissage: So 26.10.2025 um 17 Uhr<\/p>\n\n\n\n<figure class=\"wp-block-image size-full\"><img loading=\"lazy\" decoding=\"async\" width=\"2560\" height=\"2528\" src=\"https:\/\/elena-schmidt.de\/wp-content\/uploads\/2025\/09\/Schmidt_Elena_Ella-scaled.jpg\" alt=\"\" class=\"wp-image-3313\" srcset=\"https:\/\/elena-schmidt.de\/wp-content\/uploads\/2025\/09\/Schmidt_Elena_Ella-scaled.jpg 2560w, https:\/\/elena-schmidt.de\/wp-content\/uploads\/2025\/09\/Schmidt_Elena_Ella-300x296.jpg 300w, https:\/\/elena-schmidt.de\/wp-content\/uploads\/2025\/09\/Schmidt_Elena_Ella-1024x1011.jpg 1024w, https:\/\/elena-schmidt.de\/wp-content\/uploads\/2025\/09\/Schmidt_Elena_Ella-768x759.jpg 768w, https:\/\/elena-schmidt.de\/wp-content\/uploads\/2025\/09\/Schmidt_Elena_Ella-1536x1517.jpg 1536w, https:\/\/elena-schmidt.de\/wp-content\/uploads\/2025\/09\/Schmidt_Elena_Ella-2048x2023.jpg 2048w, https:\/\/elena-schmidt.de\/wp-content\/uploads\/2025\/09\/Schmidt_Elena_Ella-100x100.jpg 100w, https:\/\/elena-schmidt.de\/wp-content\/uploads\/2025\/09\/Schmidt_Elena_Ella-50x50.jpg 50w\" sizes=\"auto, (max-width: 767px) 89vw, (max-width: 1000px) 54vw, (max-width: 1071px) 543px, 580px\" \/><\/figure>\n\n\n\n<hr class=\"wp-block-separator has-alpha-channel-opacity\"\/>\n\n\n\n<div class=\"wp-block-group\"><div class=\"wp-block-group__inner-container is-layout-flow wp-block-group-is-layout-flow\">\n<p class=\"has-medium-font-size\"><strong>70 zum 70.<\/strong><\/p>\n\n\n\n<p>Ausstellung zum 70. Geburtstag von Helmut Lorscheid im Rahmen des &#8222;K\u00f6nigssommer&#8220; in K\u00f6nigswinter<\/p>\n\n\n\n<p>HOTSPOT KW, K\u00f6nigswinter<\/p>\n\n\n\n<p>Vernissage: am 9.8.2025 um 18 Uhr<br>Dauer: 9.8.2025 bis 31.8.2025<br>\u00d6ffnungszeiten: Samstag und Sonntag 14-18 Uhr<br><\/p>\n\n\n\n<figure class=\"wp-block-image size-large\"><img loading=\"lazy\" decoding=\"async\" width=\"1013\" height=\"1024\" src=\"https:\/\/elena-schmidt.de\/wp-content\/uploads\/2025\/09\/Der_Beobachter1b-1013x1024.jpg\" alt=\"\" class=\"wp-image-3320\" srcset=\"https:\/\/elena-schmidt.de\/wp-content\/uploads\/2025\/09\/Der_Beobachter1b-1013x1024.jpg 1013w, https:\/\/elena-schmidt.de\/wp-content\/uploads\/2025\/09\/Der_Beobachter1b-297x300.jpg 297w, https:\/\/elena-schmidt.de\/wp-content\/uploads\/2025\/09\/Der_Beobachter1b-768x776.jpg 768w, https:\/\/elena-schmidt.de\/wp-content\/uploads\/2025\/09\/Der_Beobachter1b-1519x1536.jpg 1519w, https:\/\/elena-schmidt.de\/wp-content\/uploads\/2025\/09\/Der_Beobachter1b-2026x2048.jpg 2026w, https:\/\/elena-schmidt.de\/wp-content\/uploads\/2025\/09\/Der_Beobachter1b-100x100.jpg 100w, https:\/\/elena-schmidt.de\/wp-content\/uploads\/2025\/09\/Der_Beobachter1b-50x50.jpg 50w\" sizes=\"auto, (max-width: 767px) 89vw, (max-width: 1000px) 54vw, (max-width: 1071px) 543px, 580px\" \/><\/figure>\n<\/div><\/div>\n\n\n\n<hr class=\"wp-block-separator has-alpha-channel-opacity\"\/>\n\n\n\n<p><\/p>\n","protected":false},"excerpt":{"rendered":"<p>Demenz &#8211; &#8222;\u00dcber das Verschwinden&#8220; 26.10.2025 bis 29.11.2025KUNSTPOOL, Galerie am Ehinger Tor, 89077 Ulm \u00d6ffnungszeiten Do-Fr, jeweils 17-20 Uhr, Sa 15-18 Uhr Vernissage: So 26.10.2025 um 17 Uhr 70 zum 70. Ausstellung zum 70. Geburtstag von Helmut Lorscheid im Rahmen des &#8222;K\u00f6nigssommer&#8220; in K\u00f6nigswinter HOTSPOT KW, K\u00f6nigswinter Vernissage: am 9.8.2025 um 18 UhrDauer: 9.8.2025 bis &hellip; <\/p>\n<p class=\"link-more\"><a href=\"https:\/\/elena-schmidt.de\/?page_id=168\" class=\"more-link\"><span class=\"screen-reader-text\">\u201eNeues\u201c <\/span>weiterlesen<\/a><\/p>\n","protected":false},"author":1,"featured_media":406,"parent":0,"menu_order":0,"comment_status":"closed","ping_status":"closed","template":"","meta":{"footnotes":""},"class_list":["post-168","page","type-page","status-publish","has-post-thumbnail","hentry"],"jetpack_sharing_enabled":true,"_links":{"self":[{"href":"https:\/\/elena-schmidt.de\/index.php?rest_route=\/wp\/v2\/pages\/168","targetHints":{"allow":["GET"]}}],"collection":[{"href":"https:\/\/elena-schmidt.de\/index.php?rest_route=\/wp\/v2\/pages"}],"about":[{"href":"https:\/\/elena-schmidt.de\/index.php?rest_route=\/wp\/v2\/types\/page"}],"author":[{"embeddable":true,"href":"https:\/\/elena-schmidt.de\/index.php?rest_route=\/wp\/v2\/users\/1"}],"replies":[{"embeddable":true,"href":"https:\/\/elena-schmidt.de\/index.php?rest_route=%2Fwp%2Fv2%2Fcomments&post=168"}],"version-history":[{"count":53,"href":"https:\/\/elena-schmidt.de\/index.php?rest_route=\/wp\/v2\/pages\/168\/revisions"}],"predecessor-version":[{"id":3322,"href":"https:\/\/elena-schmidt.de\/index.php?rest_route=\/wp\/v2\/pages\/168\/revisions\/3322"}],"wp:featuredmedia":[{"embeddable":true,"href":"https:\/\/elena-schmidt.de\/index.php?rest_route=\/wp\/v2\/media\/406"}],"wp:attachment":[{"href":"https:\/\/elena-schmidt.de\/index.php?rest_route=%2Fwp%2Fv2%2Fmedia&parent=168"}],"curies":[{"name":"wp","href":"https:\/\/api.w.org\/{rel}","templated":true}]}}

<p class="has-medium-font-size"><strong>Demenz &#8211; &#8222;Über das Verschwinden&#8220;</strong></p>



<p>26.10.2025 bis 29.11.2025<br>KUNSTPOOL, Galerie am Ehinger Tor, 89077 Ulm</p>



<p>Öffnungszeiten <br>Do-Fr, jeweils 17-20 Uhr, Sa 15-18 Uhr</p>



<p>Vernissage: So 26.10.2025 um 17 Uhr</p>



<figure class="wp-block-image size-full"><img loading="lazy" decoding="async" width="2560" height="2528" src="https://elena-schmidt.de/wp-content/uploads/2025/09/Schmidt_Elena_Ella-scaled.jpg" alt="" class="wp-image-3313" srcset="https://elena-schmidt.de/wp-content/uploads/2025/09/Schmidt_Elena_Ella-scaled.jpg 2560w, https://elena-schmidt.de/wp-content/uploads/2025/09/Schmidt_Elena_Ella-300x296.jpg 300w, https://elena-schmidt.de/wp-content/uploads/2025/09/Schmidt_Elena_Ella-1024x1011.jpg 1024w, https://elena-schmidt.de/wp-content/uploads/2025/09/Schmidt_Elena_Ella-768x759.jpg 768w, https://elena-schmidt.de/wp-content/uploads/2025/09/Schmidt_Elena_Ella-1536x1517.jpg 1536w, https://elena-schmidt.de/wp-content/uploads/2025/09/Schmidt_Elena_Ella-2048x2023.jpg 2048w, https://elena-schmidt.de/wp-content/uploads/2025/09/Schmidt_Elena_Ella-100x100.jpg 100w, https://elena-schmidt.de/wp-content/uploads/2025/09/Schmidt_Elena_Ella-50x50.jpg 50w" sizes="auto, (max-width: 767px) 89vw, (max-width: 1000px) 54vw, (max-width: 1071px) 543px, 580px" /></figure>



<hr class="wp-block-separator has-alpha-channel-opacity"/>



<div class="wp-block-group"><div class="wp-block-group__inner-container is-layout-flow wp-block-group-is-layout-flow">
<p class="has-medium-font-size"><strong>70 zum 70.</strong></p>



<p>Ausstellung zum 70. Geburtstag von Helmut Lorscheid im Rahmen des &#8222;Königssommer&#8220; in Königswinter</p>



<p>HOTSPOT KW, Königswinter</p>



<p>Vernissage: am 9.8.2025 um 18 Uhr<br>Dauer: 9.8.2025 bis 31.8.2025<br>Öffnungszeiten: Samstag und Sonntag 14-18 Uhr<br></p>



<figure class="wp-block-image size-large"><img loading="lazy" decoding="async" width="1013" height="1024" src="https://elena-schmidt.de/wp-content/uploads/2025/09/Der_Beobachter1b-1013x1024.jpg" alt="" class="wp-image-3320" srcset="https://elena-schmidt.de/wp-content/uploads/2025/09/Der_Beobachter1b-1013x1024.jpg 1013w, https://elena-schmidt.de/wp-content/uploads/2025/09/Der_Beobachter1b-297x300.jpg 297w, https://elena-schmidt.de/wp-content/uploads/2025/09/Der_Beobachter1b-768x776.jpg 768w, https://elena-schmidt.de/wp-content/uploads/2025/09/Der_Beobachter1b-1519x1536.jpg 1519w, https://elena-schmidt.de/wp-content/uploads/2025/09/Der_Beobachter1b-2026x2048.jpg 2026w, https://elena-schmidt.de/wp-content/uploads/2025/09/Der_Beobachter1b-100x100.jpg 100w, https://elena-schmidt.de/wp-content/uploads/2025/09/Der_Beobachter1b-50x50.jpg 50w" sizes="auto, (max-width: 767px) 89vw, (max-width: 1000px) 54vw, (max-width: 1071px) 543px, 580px" /></figure>
</div></div>



<hr class="wp-block-separator has-alpha-channel-opacity"/>



<p></p>

<p>Demenz &#8211; &#8222;Über das Verschwinden&#8220; 26.10.2025 bis 29.11.2025KUNSTPOOL, Galerie am Ehinger Tor, 89077 Ulm Öffnungszeiten Do-Fr, jeweils 17-20 Uhr, Sa 15-18 Uhr Vernissage: So 26.10.2025 um 17 Uhr 70 zum 70. Ausstellung zum 70. Geburtstag von Helmut Lorscheid im Rahmen des &#8222;Königssommer&#8220; in Königswinter HOTSPOT KW, Königswinter Vernissage: am 9.8.2025 um 18 UhrDauer: 9.8.2025 bis &hellip; </p>
<p class="link-more"><a href="https://elena-schmidt.de/?page_id=168" class="more-link"><span class="screen-reader-text">„Neues“ </span>weiterlesen</a></p>
